[INFO] cloning repository https://github.com/mindstorm-rs/ev3-rs
[INFO] running `Command { std: "git" "-c" "credential.helper=" "-c" "credential.helper=/workspace/cargo-home/bin/git-credential-null" "clone" "--bare" "https://github.com/mindstorm-rs/ev3-rs" "/workspace/cache/git-repos/https%3A%2F%2Fgithub.com%2Fmindstorm-rs%2Fev3-rs", kill_on_drop: false }`
[INFO] [stderr] Cloning into bare repository '/workspace/cache/git-repos/https%3A%2F%2Fgithub.com%2Fmindstorm-rs%2Fev3-rs'...
[INFO] running `Command { std: "git" "rev-parse" "HEAD", kill_on_drop: false }`
[INFO] [stdout] bcc339c61253acb5b4939150dd6d31906293afaf
[INFO] checking mindstorm-rs/ev3-rs against master#af3c6e733a40e671550e0f0f5aeecaa13772ba56 for pr-74989
[INFO] running `Command { std: "git" "clone" "/workspace/cache/git-repos/https%3A%2F%2Fgithub.com%2Fmindstorm-rs%2Fev3-rs" "/workspace/builds/worker-9/source", kill_on_drop: false }`
[INFO] [stderr] Cloning into '/workspace/builds/worker-9/source'...
[INFO] [stderr] done.
[INFO] validating manifest of git repo https://github.com/mindstorm-rs/ev3-rs on toolchain af3c6e733a40e671550e0f0f5aeecaa13772ba56
[INFO] running `Command { std: "/workspace/cargo-home/bin/cargo" "+af3c6e733a40e671550e0f0f5aeecaa13772ba56" "read-manifest" "--manifest-path" "Cargo.toml", kill_on_drop: false }`
[INFO] started tweaking git repo https://github.com/mindstorm-rs/ev3-rs
[INFO] removed path dependency ev3rt from git repo https://github.com/mindstorm-rs/ev3-rs
[INFO] finished tweaking git repo https://github.com/mindstorm-rs/ev3-rs
[INFO] tweaked toml for git repo https://github.com/mindstorm-rs/ev3-rs written to /workspace/builds/worker-9/source/Cargo.toml
[INFO] crate git repo https://github.com/mindstorm-rs/ev3-rs already has a lockfile, it will not be regenerated
[INFO] running `Command { std: "/workspace/cargo-home/bin/cargo" "+af3c6e733a40e671550e0f0f5aeecaa13772ba56" "fetch" "--locked" "--manifest-path" "Cargo.toml", kill_on_drop: false }`
[INFO] [stderr] warning: dependency (ev3rt) specified without providing a local path, Git repository, or version to use. This will be considered an error in future versions
[INFO] [stderr]     Blocking waiting for file lock on package cache
[INFO] [stderr]     Updating crates.io index
[INFO] [stderr] error: the lock file /workspace/builds/worker-9/source/Cargo.lock needs to be updated but --locked was passed to prevent this
[INFO] [stderr] If you want to try to generate the lock file without accessing the network, use the --offline flag.
[INFO] the lockfile is outdated, regenerating it
[INFO] running `Command { std: "/workspace/cargo-home/bin/cargo" "+af3c6e733a40e671550e0f0f5aeecaa13772ba56" "generate-lockfile" "--manifest-path" "Cargo.toml" "-Zno-index-update", kill_on_drop: false }`
[INFO] running `Command { std: "/workspace/cargo-home/bin/cargo" "+af3c6e733a40e671550e0f0f5aeecaa13772ba56" "fetch" "--locked" "--manifest-path" "Cargo.toml", kill_on_drop: false }`
[INFO] [stderr] warning: dependency (ev3rt) specified without providing a local path, Git repository, or version to use. This will be considered an error in future versions
[INFO] [stderr]     Blocking waiting for file lock on package cache
[INFO] running `Command { std: "docker" "create" "-v" "/var/lib/crater-agent-workspace/builds/worker-9/target:/opt/rustwide/target:rw,Z" "-v" "/var/lib/crater-agent-workspace/builds/worker-9/source:/opt/rustwide/workdir:ro,Z" "-v" "/var/lib/crater-agent-workspace/cargo-home:/opt/rustwide/cargo-home:ro,Z" "-v" "/var/lib/crater-agent-workspace/rustup-home:/opt/rustwide/rustup-home:ro,Z" "-e" "SOURCE_DIR=/opt/rustwide/workdir" "-e" "CARGO_TARGET_DIR=/opt/rustwide/target" "-e" "CARGO_HOME=/opt/rustwide/cargo-home" "-e" "RUSTUP_HOME=/opt/rustwide/rustup-home" "-w" "/opt/rustwide/workdir" "-m" "1610612736" "--user" "0:0" "--network" "none" "rustops/crates-build-env@sha256:d92eaeed33fa75130ca1ee6c8a01d1ffb62bac859dfdfb3450e3e5d1c0146529" "/opt/rustwide/cargo-home/bin/cargo" "+af3c6e733a40e671550e0f0f5aeecaa13772ba56" "metadata" "--no-deps" "--format-version=1", kill_on_drop: false }`
[INFO] [stdout] 546d40e42e8efb19c678ad8821132bc6cbf045f5838bfcfa15a6c3d52578e16c
[INFO] [stderr] WARNING: Your kernel does not support swap limit capabilities or the cgroup is not mounted. Memory limited without swap.
[INFO] running `Command { std: "docker" "start" "-a" "546d40e42e8efb19c678ad8821132bc6cbf045f5838bfcfa15a6c3d52578e16c", kill_on_drop: false }`
[INFO] running `Command { std: "docker" "inspect" "546d40e42e8efb19c678ad8821132bc6cbf045f5838bfcfa15a6c3d52578e16c", kill_on_drop: false }`
[INFO] running `Command { std: "docker" "rm" "-f" "546d40e42e8efb19c678ad8821132bc6cbf045f5838bfcfa15a6c3d52578e16c", kill_on_drop: false }`
[INFO] [stdout] 546d40e42e8efb19c678ad8821132bc6cbf045f5838bfcfa15a6c3d52578e16c
[INFO] running `Command { std: "docker" "create" "-v" "/var/lib/crater-agent-workspace/builds/worker-9/target:/opt/rustwide/target:rw,Z" "-v" "/var/lib/crater-agent-workspace/builds/worker-9/source:/opt/rustwide/workdir:ro,Z" "-v" "/var/lib/crater-agent-workspace/cargo-home:/opt/rustwide/cargo-home:ro,Z" "-v" "/var/lib/crater-agent-workspace/rustup-home:/opt/rustwide/rustup-home:ro,Z" "-e" "SOURCE_DIR=/opt/rustwide/workdir" "-e" "CARGO_TARGET_DIR=/opt/rustwide/target" "-e" "CARGO_INCREMENTAL=0" "-e" "RUST_BACKTRACE=full" "-e" "RUSTFLAGS=--cap-lints=forbid" "-e" "CARGO_HOME=/opt/rustwide/cargo-home" "-e" "RUSTUP_HOME=/opt/rustwide/rustup-home" "-w" "/opt/rustwide/workdir" "-m" "1610612736" "--user" "0:0" "--network" "none" "rustops/crates-build-env@sha256:d92eaeed33fa75130ca1ee6c8a01d1ffb62bac859dfdfb3450e3e5d1c0146529" "/opt/rustwide/cargo-home/bin/cargo" "+af3c6e733a40e671550e0f0f5aeecaa13772ba56" "check" "--frozen" "--all" "--all-targets" "--message-format=json", kill_on_drop: false }`
[INFO] [stdout] 4b694cc60c7e22e29c22c5c6c20c416f22dea761428b8fa1d47ec9a0aa4a3d4e
[INFO] [stderr] WARNING: Your kernel does not support swap limit capabilities or the cgroup is not mounted. Memory limited without swap.
[INFO] running `Command { std: "docker" "start" "-a" "4b694cc60c7e22e29c22c5c6c20c416f22dea761428b8fa1d47ec9a0aa4a3d4e", kill_on_drop: false }`
[INFO] [stderr] warning: dependency (ev3rt) specified without providing a local path, Git repository, or version to use. This will be considered an error in future versions
[INFO] [stderr]     Checking ev3rt v0.3.0
[INFO] [stderr]     Checking ev3 v0.5.0 (/opt/rustwide/workdir)
[INFO] [stdout] error[E0425]: cannot find function `ultrasonic_sensor_get_distance_nxt` in crate `ev3rt`
[INFO] [stdout]    --> src/lib.rs:325:38
[INFO] [stdout]     |
[INFO] [stdout] 325 |                     let val = ev3rt::ultrasonic_sensor_get_distance_nxt(self.port_idx);
[INFO] [stdout]     |                                      ^^^^^^^^^^^^^^^^^^^^^^^^^^^^^^^^^^ help: a function with a similar name exists: `ultrasonic_sensor_get_distance`
[INFO] [stdout]     | 
[INFO] [stdout]    ::: /opt/rustwide/cargo-home/registry/src/github.com-1ecc6299db9ec823/ev3rt-0.3.0/src/lib.rs:424:1
[INFO] [stdout]     |
[INFO] [stdout] 424 | pub fn ultrasonic_sensor_get_distance(port: SensorPort) -> i16 {
[INFO] [stdout]     | -------------------------------------------------------------- similarly named function `ultrasonic_sensor_get_distance` defined here
[INFO] [stdout] 
[INFO] [stdout] 
[INFO] [stdout] warning: unnecessary trailing semicolon
[INFO] [stdout]    --> src/lib.rs:270:55
[INFO] [stdout]     |
[INFO] [stdout] 270 | ...                   self.data[0] = val as u16;;
[INFO] [stdout]     |                                                 ^ help: remove this semicolon
[INFO] [stdout]     |
[INFO] [stdout]     = note: `#[warn(redundant_semicolons)]` on by default
[INFO] [stdout] 
[INFO] [stdout] 
[INFO] [stdout] warning: unnecessary trailing semicolon
[INFO] [stdout]    --> src/lib.rs:283:55
[INFO] [stdout]     |
[INFO] [stdout] 283 | ...                   self.data[0] = val as u16;;
[INFO] [stdout]     |                                                 ^ help: remove this semicolon
[INFO] [stdout] 
[INFO] [stdout] 
[INFO] [stdout] warning: unnecessary trailing semicolon
[INFO] [stdout]    --> src/lib.rs:301:51
[INFO] [stdout]     |
[INFO] [stdout] 301 |                         self.data[0] = val as u16;;
[INFO] [stdout]     |                                                   ^ help: remove this semicolon
[INFO] [stdout] 
[INFO] [stdout] 
[INFO] [stdout] error[E0425]: cannot find function `ultrasonic_sensor_get_distance_nxt` in crate `ev3rt`
[INFO] [stdout]    --> src/lib.rs:325:38
[INFO] [stdout]     |
[INFO] [stdout] 325 |                     let val = ev3rt::ultrasonic_sensor_get_distance_nxt(self.port_idx);
[INFO] [stdout]     |                                      ^^^^^^^^^^^^^^^^^^^^^^^^^^^^^^^^^^ help: a function with a similar name exists: `ultrasonic_sensor_get_distance`
[INFO] [stdout]     | 
[INFO] [stdout]    ::: /opt/rustwide/cargo-home/registry/src/github.com-1ecc6299db9ec823/ev3rt-0.3.0/src/lib.rs:424:1
[INFO] [stdout]     |
[INFO] [stdout] 424 | pub fn ultrasonic_sensor_get_distance(port: SensorPort) -> i16 {
[INFO] [stdout]     | -------------------------------------------------------------- similarly named function `ultrasonic_sensor_get_distance` defined here
[INFO] [stdout] 
[INFO] [stdout] 
[INFO] [stdout] warning: unnecessary trailing semicolon
[INFO] [stdout]    --> src/lib.rs:270:55
[INFO] [stdout]     |
[INFO] [stdout] 270 | ...                   self.data[0] = val as u16;;
[INFO] [stdout]     |                                                 ^ help: remove this semicolon
[INFO] [stdout]     |
[INFO] [stdout]     = note: `#[warn(redundant_semicolons)]` on by default
[INFO] [stdout] 
[INFO] [stdout] 
[INFO] [stdout] warning: unnecessary trailing semicolon
[INFO] [stdout]    --> src/lib.rs:283:55
[INFO] [stdout]     |
[INFO] [stdout] 283 | ...                   self.data[0] = val as u16;;
[INFO] [stdout]     |                                                 ^ help: remove this semicolon
[INFO] [stdout] 
[INFO] [stdout] 
[INFO] [stdout] warning: unnecessary trailing semicolon
[INFO] [stdout]    --> src/lib.rs:301:51
[INFO] [stdout]     |
[INFO] [stdout] 301 |                         self.data[0] = val as u16;;
[INFO] [stdout]     |                                                   ^ help: remove this semicolon
[INFO] [stdout] 
[INFO] [stdout] 
[INFO] [stdout] error: duplicate lang item in crate `std` (which `test` depends on): `panic_impl`.
[INFO] [stdout]   |
[INFO] [stdout]   = note: the lang item is first defined in crate `ev3rt` (which `ev3` depends on)
[INFO] [stdout]   = note: first definition in `ev3rt` loaded from /opt/rustwide/target/debug/deps/libev3rt-f7b8f9ce23e31959.rmeta
[INFO] [stdout]   = note: second definition in `std` loaded from /opt/rustwide/rustup-home/toolchains/af3c6e733a40e671550e0f0f5aeecaa13772ba56/lib/rustlib/x86_64-unknown-linux-gnu/lib/libstd-faa3fd6c69b73b7d.rlib
[INFO] [stdout] 
[INFO] [stdout] 
[INFO] [stdout] error[E0599]: no variant or associated item named `NxtULTRASONIC` found for enum `ev3rt::SensorType` in the current scope
[INFO] [stdout]    --> src/lib.rs:224:72
[INFO] [stdout]     |
[INFO] [stdout] 224 |                 let er = ev3rt::sensor_config(self.port(), SensorType::NxtULTRASONIC);
[INFO] [stdout]     |                                                                        ^^^^^^^^^^^^^
[INFO] [stdout]     |                                                                        |
[INFO] [stdout]     |                                                                        variant or associated item not found in `ev3rt::SensorType`
[INFO] [stdout]     |                                                                        help: there is a variant with a similar name: `ULTRASONIC`
[INFO] [stdout] 
[INFO] [stdout] 
[INFO] [stdout] error: aborting due to 2 previous errors; 3 warnings emitted
[INFO] [stdout] 
[INFO] [stdout] 
[INFO] [stdout] Some errors have detailed explanations: E0425, E0599.
[INFO] [stdout] 
[INFO] [stdout] For more information about an error, try `rustc --explain E0425`.
[INFO] [stdout] 
[INFO] [stdout] error[E0599]: no variant or associated item named `NxtULTRASONIC` found for enum `ev3rt::SensorType` in the current scope
[INFO] [stdout]    --> src/lib.rs:224:72
[INFO] [stdout]     |
[INFO] [stdout] 224 |                 let er = ev3rt::sensor_config(self.port(), SensorType::NxtULTRASONIC);
[INFO] [stdout]     |                                                                        ^^^^^^^^^^^^^
[INFO] [stdout]     |                                                                        |
[INFO] [stdout]     |                                                                        variant or associated item not found in `ev3rt::SensorType`
[INFO] [stdout]     |                                                                        help: there is a variant with a similar name: `ULTRASONIC`
[INFO] [stdout] 
[INFO] [stdout] 
[INFO] [stderr] error: could not compile `ev3`.
[INFO] [stderr] 
[INFO] [stderr] To learn more, run the command again with --verbose.
[INFO] [stderr] warning: build failed, waiting for other jobs to finish...
[INFO] [stdout] error: aborting due to 3 previous errors; 3 warnings emitted
[INFO] [stdout] 
[INFO] [stdout] 
[INFO] [stdout] Some errors have detailed explanations: E0425, E0599.
[INFO] [stdout] 
[INFO] [stdout] For more information about an error, try `rustc --explain E0425`.
[INFO] [stdout] 
[INFO] [stderr] error: build failed
[INFO] running `Command { std: "docker" "inspect" "4b694cc60c7e22e29c22c5c6c20c416f22dea761428b8fa1d47ec9a0aa4a3d4e", kill_on_drop: false }`
[INFO] running `Command { std: "docker" "rm" "-f" "4b694cc60c7e22e29c22c5c6c20c416f22dea761428b8fa1d47ec9a0aa4a3d4e", kill_on_drop: false }`
[INFO] [stdout] 4b694cc60c7e22e29c22c5c6c20c416f22dea761428b8fa1d47ec9a0aa4a3d4e
